e factors of b?
2
Suppose -12 = c + 5*g, -4*c = -2*g - 13 - 5. Let f be (3 - c)/2 + 1. Let r(m) = m**2 + 1. List the prime factors of r(f).
2
Suppose -8*g + 1833 + 551 = 0. List the prime factors of g.
2, 149
Suppose -l - 10 = -y, -3*l - 2*y + y - 30 = 0. What are the prime factors of (555/(-6))/(l/20)?
5, 37
Suppose 57*s - 54*s = 0. Suppose 2*p - 233 - 221 = s. List the prime factors of p.
227
What are the prime factors of ((-1156)/(-8))/(4 - 235/60)?
2, 3, 17
Let n(s) = -s**3 + 17*s**2 - 22*s - 4. Suppose 37 = 6*d - 53. Let w be n(d). Let o = -65 + w. List the prime factors of o.
3, 17
Let x(v) = v**2 - 12*v - 193. What are the prime factors of x(-21)?
2, 5
Let j be (-8)/(-5)*15/(-3). Let i = 1 - j. Suppose -4*m = -i - 19. List the prime factors of m.
7
Suppose -414*t = -418*t + 11844. List the prime factors of t.
3, 7, 47
Suppose 70 = -8*i + 1294. Suppose 9*c - i = 162. List the prime factors of c.
5, 7
Let t be (3 - 1)*((-6)/12 - -3). Suppose -t*j - 44 = -184. What are the prime factors of j?
2, 7
Suppose -2*g + 4 = -0*g. Let x = g - -4. List the prime factors of x/(-14) - (-505)/35.
2, 7
Let m(z) = -z**3 - 10*z**2 - 9*z + 2. Let i be m(-9). Suppose 0 = i*n - 2*w - 2, -2*w = 3*n - n - 6. What are the prime factors of n?
2
Suppose 6093 = 4*u - 5383. List the prime factors of u.
19, 151
Suppose 0 = -5*v - b + 7816, -v + 3*b = -1206 - 370. List the prime factors of v.
2, 17, 23
Suppose 13*v = -9 + 100. Let m(i) = 4*i**3 - 7*i**2 + 6 + 3*i - 5*i**3 + 14*i**2. List the prime factors of m(v).
3
Suppose 13*z - 1296 - 95 = 0. What are the prime factors of z?
107
Let h(w) = w**3 + 2*w**2 - w + 35. Let n be h(0). Let x be (-10)/n + (-681)/(-7). Let a = 159 - x. What are the prime factors of a?
2, 31
Suppose 5603 = x + 88. What are the prime factors of x?
5, 1103
Let n = 4 - -2. Let g be (-10)/n - (-1)/(-3). List the prime factors of (g/1)/((-6)/105).
5, 7
Suppose 0 = 5*h + 6*d - d - 5, 19 = -h - 5*d. Suppose 2*k - h = 0, -2*v + 4*v - 29 = -k. Suppose 3*i = 5*a - 65, -a - i = i - v. List the prime factors of a.
13
Let a(l) = 3*l**2 - 6*l - 21. Let q = -25 - -19. What are the prime factors of a(q)?
3, 41
Suppose -2*x + 11422 = 4*m, -x = 6*m - 11*m - 5676. What are the prime factors of x?
5701
Suppose 357 = 3*q + 309. What are the prime factors of (-20)/10 + q*19?
2, 151
Let u(d) = 16*d**3 - 2*d**2 + d + 1. Let i be u(2). Suppose i = -6*s + 771. What are the prime factors of s?
2, 3
Let q(h) = 5*h - 3. Suppose -2*b + 4*r = b - 61, 53 = 3*b + 4*r. Let o = b + -16. List the prime factors of q(o).
2, 3
Suppose 0*f + 12 = 4*f. Suppose -f*m = m - 8. Suppose -z - 16 = -h, m*h - 39 + 11 = z. What are the prime factors of h?
2, 3
Let t(l) = l**3 - 5*l**2 - 6*l + 3. Let c(z) = -z. Let k be c(-6). Let w be t(k). Suppose -x = -w*x + 30. What are the prime factors of x?
3, 5
Let x = 267 - 56. List the prime factors of x.
211
Let l = -91 + 91. What are the prime factors of (-3450)/(-27) + l + (-10)/(-45)?
2
Let n(g) = g**3 - 2*g**2 - 2*g - 8. Let r = -37 + 15. Let c = -17 - r. List the prime factors of n(c).
3, 19
Suppose 2*d + 8 = p, -2*d + 5*p = p + 14. Let q be 4/d*(-21)/14. Suppose 26 = 2*l - 2*y, q*l - 36 = -0*l + 4*y. What are the prime factors of l?
2
Let s = -273 - -79. What are the prime factors of -5 + 7 - 4 - s?
2, 3
Let r(p) = -p**3 + 9*p**2 - 2*p - 1. Let k(f) = f**3 - 9*f**2 + f. Let s(w) = -2*k(w) - 3*r(w). Let c be s(9). Let j = c + -6. List the prime factors of j.
3, 11
Let d(z) = 3*z**2 + 3*z - 2. Let f be d(-3). Let u = f - 16. Suppose -l + 4*k = -42, -4*k + u*k = 2*l - 96. List the prime factors of l.
2, 23
What are the prime factors of (5/(-2))/(30/(-11592))?
2, 3, 7, 23
Suppose -5*x - 12 = -57. List the prime factors of 24/5 - x/(-45).
5
Let a(w) = -99*w + 15. List the prime factors of a(-8).
3, 269
Suppose 4*c - 108 = 4*j, 70 = 2*c - 0*c + 2*j. Suppose -o + 25 = -c. List the prime factors of o.
2, 7
Suppose -c = 11*c - 12216. List the prime factors of c.
2, 509
Let a(y) = -8*y + 267. List the prime factors of a(-15).
3, 43
Let f = 48 + 170. Let j = -144 + f. What are the prime factors of j?
2, 37
Let u(d) = d**3 + 10*d**2 - 5*d + 12. Let t = -21 + 11. List the prime factors of u(t).
2, 31
Let z = -132 + 130. Let r(a) = -15*a**3 + 2*a**2 + a. Let k be r(-1). Let d = z + k. What are the prime factors of d?
2, 7
Suppose 5*o - 12 = -2*u, 7*u = 4*u - 2*o + 7. Suppose -6 + u = -2*a - 3*t, 0 = 3*a + 3*t - 9. What are the prime factors of a?
2
Let z = 23 - 20. Suppose -z*k + 40 + 17 = 0. List the prime factors of k.
19
Let u(a) = a**3 - 8*a**2 + 7*a - 6. Suppose 0*p - p + 4 = 0. Let x(m) = m**2 - 3*m + 4. Let y be x(p). What are the prime factors of u(y)?
2, 5
Suppose -10*j + 40 = -0*j. Suppose 0 = -9*r - j*r + 3406. What are the prime factors of r?
2, 131
Let p = -2 + 3. Suppose -11 = -y - 8. What are the prime factors of p/6*y*66?
3, 11
Suppose -47*l + 28763 + 56871 = 0. List the prime factors of l.
2, 911
Let g be 4/6 - (-1078)/3. Suppose 12*j = 7*j + g. What are the prime factors of j?
2, 3
Let b(c) = -3*c - 1. Suppose -8 = -0*w + w. Let x = 0 + w. What are the prime factors of b(x)?
23
Suppose 20*y + 1715 = 27*y. List the prime factors of y.
5, 7
Let u(b) = -6*b**2 - b. Let x = -13 + 12. Let o be u(x). Let r = o - -10. List the prime factors of r.
5
Suppose 1381 = -3*l + 3451. Let k(q) = q**3 - 14*q**2 + 18*q - 40. Let j be k(13). List the prime factors of l/j + 4/10.
2, 7
Let g = 2478 + -2053. List the prime factors of g.
5, 17
Suppose 0*z = z - 3, -146 = 5*s - 2*z. Let y = s + 41. List the prime factors of y.
13
List the prime factors of (7 - 888/40)*-310.
2, 19, 31
Let k(y) = 5*y**2 + 2*y + 5. Let r be k(-4). Suppose -r = 3*m - 491. Suppose -2*g + 54 = -3*j + 2*j, -5*g + j + m = 0. List the prime factors of g.
2, 7
Suppose 0 = 10*i - 4693 - 177. What are the prime factors of i?
487
Suppose -6*p = -p - 665. Let u = -68 + p. What are the prime factors of u?
5, 13
What are the prime factors of (5 + 0 - 20)/(1/(-23))?
3, 5, 23
Let s = 154 - -217. What are the prime factors of s?
7, 53
Let d(p) = -24*p + 360. What are the prime factors of d(-40)?
2, 3, 5, 11
Suppose 2*p - 18 = 3*p. Let o = p + 13. Let q(n) = 2*n**2 + 2*n - 10. What are the prime factors of q(o)?
2, 3, 5
Suppose 3*o + 3610 = 17134. List the prime factors of o.
2, 7, 23
Let n = 33 - 30. Suppose 4*v - 34 = 2*v + 4*l, -n*v + 5*l = -46. What are the prime factors of v?
7
Suppose -6 = -0*w + 3*w. Let u be 1 + 20 + 1 + w. Suppose 4*b - u = 0, -2*a + 150 = 3*a + 5*b. List the prime factors of a.
5
Suppose 4*d = -2*f - 2*f + 16, 4*d - 2*f = 16. Suppose x - 50 = -5*r, 7*x = 5*x - d*r + 88. List the prime factors of x.
2, 5
Let l(z) = -2*z**3 - 6*z**2 - z - 7. What are the prime factors of l(-7)?
2, 7
Suppose -5*b + 2*c = -2356, 1398 = 3*b + 8*c - 4*c. What are the prime factors of b?
2, 5, 47
Let m be 2 - (83 + -3 + 2). Let c be m/12*(-45)/6. Suppose c + 34 = 4*w. List the prime factors of w.
3, 7
Suppose -4*s + 10 = -30. Let c(u) = -2*u + 21. Let o be c(10). List the prime factors of s + o - (3 - 4).
2, 3
Let f(u) = u**2 - 11*u + 16. What are the prime factors of f(11)?
2
Let l = -3801 - -5331. What are the prime factors of l?
2, 3, 5, 17
Suppose 6*v - 3447 = 585. List the prime factors of v.
2, 3, 7
Let g = 1559 + 653. What are the prime factors of g?
2, 7, 79
Suppose 4200 = m - 11*k + 10*k, 4200 = m + 4*k. What are the prime factors of m?
2, 3, 5, 7
Let a(c) = -c**3 - 8*c**2 + 8*c. Let s(p) = p**2. Let w(n) = -a(n) - 6*s(n). Let j(v) be the second derivative of w(v). What are the prime factors of j(10)?
2
Let z = 65 - 58. Let g = z - -4. List the prime factors of g.
11
Let w(f) be the first derivative of -3*f**4/4 + 2*f**3/3 + f**2/2 - 2*f - 20. List the prime factors of w(-2).
2, 7
Let d(n) be the third derivative of -3*n**6/40 - n**5/30 + n**3/6 + 2*n**2. Let w be d(1). What are the prime factors of (-178)/w - 4/(-20)?
2, 3
List the prime factors of (-44440)/(-72) - 3/(27/2).
617
Suppose w = -l + 2*l - 23, -4*l = -5*w - 97. Suppose -2*t + l + 94 = 0. What are the prime factors of t?
2, 7
Let w = 460 + 20. List the prime factors of w.
2, 3, 5
Let o be (2/6)/(3/(-27)). Let k = o + 31. What are the prime factors of k?
2, 7
What are the prime factors of (4 - (-2 - 192/(-15)))*-310?
2,